{"id":1626,"date":"2018-06-02T14:19:29","date_gmt":"2018-06-02T12:19:29","guid":{"rendered":"http:\/\/www.wuelmersencon.de\/?page_id=1626"},"modified":"2018-06-02T14:19:29","modified_gmt":"2018-06-02T12:19:29","slug":"nuphir-gott-des-wassers-und-der-meere","status":"publish","type":"page","link":"http:\/\/www.wuelmersencon.de\/?page_id=1626","title":{"rendered":"Nuphir &#8211; Gott des Wassers und der Meere"},"content":{"rendered":"<h2>Nuphir<\/h2>\n<table width=\"490\">\n<tbody>\n<tr>\n<td width=\"115\">\n<h5>Aspekte<\/h5>\n<\/td>\n<td width=\"490\">Meer, Wasser, Wind, Wetter, Nacht , Wintersonnenwende,<\/td>\n<\/tr>\n<tr>\n<td width=\"115\"><strong>Farbe<\/strong><\/td>\n<td width=\"490\">Dunkelblau<\/td>\n<\/tr>\n<tr>\n<td width=\"115\"><strong>Eigenschaften<\/strong><\/td>\n<td width=\"490\">Kraft, Stetigkeit, Beharrlichkeit, Unbest\u00e4ndigkeit<\/td>\n<\/tr>\n<\/tbody>\n<\/table>\n<h3><a name=\"_Toc82609530\"><\/a>Herkunft<\/h3>\n<p>Nuphir betrat die Welt als erster der G\u00f6tter W\u00fclmersens. Als die Naturgewalten Wasser und Wind mit Unwettern und Sturmfluten das Land ins Chaos st\u00fcrzten erwachte sein Geist aus den Gedanken und Gef\u00fchlen der W\u00fclma und aus den Fluten erhob er sich. Seine Stimme donnerte und \u00fcbert\u00f6nte den Sturm und seine Kraft \u00fcberstieg die des Wassers. Und so befahl Nuphir den Fl\u00fcssen und dem Meer in ihre Ufer zur\u00fcckzukehren und dem Wind, seinen Atem zu z\u00fcgeln. W\u00fclma begr\u00fc\u00dfte ihn freudig und \u00fcbergab Nuphir die Gewalt \u00fcber die Elemente Wasser und Luft.<\/p>\n<h3><a name=\"_Toc82609531\"><\/a> Glaube<\/h3>\n<p>Nuphir ist der Schutzpatron der Seeleute, der Flussschiffer und der Fischer aber auch der Richter und Schiedsleute. Er wird auch von den Bauern und Wasserm\u00fcllern verehrt, da er auch f\u00fcr den Regen, die Quellen und Brunnen verantwortlich ist. Wo Recht gesprochen wird, da wird zuvor Nuphir f\u00fcr ein gerechtes Urteil angerufen.<\/p>\n<p>Seine heiligen Orte sind die Nuphirh\u00f6hle\u00a0 bei W\u00fclmhaven und andere Orte mit einem Teich oder Zugang zu einem Fluss. An Gerichtspl\u00e4tzen wird meist eine Schale Wasser zu seinen Ehren aufgestellt.<\/p>\n<h3><a name=\"_Toc82609532\"><\/a>Pers\u00f6nlichkeit<\/h3>\n<p>Nuphir hat eine starken Besch\u00fctzerinstinkt und Gerechtigkeitssinn, da dies die vorherrschende Emotion der W\u00fclma war, als sie ihn erschuf. Er zeichnet sich durch Stetigkeit und Verl\u00e4sslichkeit aus. Er kann jedoch kurzfristig sehr aufbrausend und wechsellaunig sein und Zweifel an seinem Rat mit v\u00f6lliger Ignoranz beantworten.<\/p>\n","protected":false},"excerpt":{"rendered":"<p>Nuphir Aspekte Meer, Wasser, Wind, Wetter, Nacht , Wintersonnenwende, Farbe Dunkelblau Eigenschaften Kraft, Stetigkeit, Beharrlichkeit, Unbest\u00e4ndigkeit Herkunft Nuphir betrat die Welt als erster der G\u00f6tter W\u00fclmersens. Als die Naturgewalten Wasser und Wind mit Unwettern und Sturmfluten das Land ins Chaos &hellip; <a href=\"http:\/\/www.wuelmersencon.de\/?page_id=1626\">Weiterlesen <span class=\"meta-nav\">&rarr;<\/span><\/a><\/p>\n","protected":false},"author":2,"featured_media":0,"parent":1610,"menu_order":0,"comment_status":"closed","ping_status":"closed","template":"","meta":{"ngg_post_thumbnail":0},"_links":{"self":[{"href":"http:\/\/www.wuelmersencon.de\/index.php?rest_route=\/wp\/v2\/pages\/1626"}],"collection":[{"href":"http:\/\/www.wuelmersencon.de\/index.php?rest_route=\/wp\/v2\/pages"}],"about":[{"href":"http:\/\/www.wuelmersencon.de\/index.php?rest_route=\/wp\/v2\/types\/page"}],"author":[{"embeddable":true,"href":"http:\/\/www.wuelmersencon.de\/index.php?rest_route=\/wp\/v2\/users\/2"}],"replies":[{"embeddable":true,"href":"http:\/\/www.wuelmersencon.de\/index.php?rest_route=%2Fwp%2Fv2%2Fcomments&post=1626"}],"version-history":[{"count":1,"href":"http:\/\/www.wuelmersencon.de\/index.php?rest_route=\/wp\/v2\/pages\/1626\/revisions"}],"predecessor-version":[{"id":1627,"href":"http:\/\/www.wuelmersencon.de\/index.php?rest_route=\/wp\/v2\/pages\/1626\/revisions\/1627"}],"up":[{"embeddable":true,"href":"http:\/\/www.wuelmersencon.de\/index.php?rest_route=\/wp\/v2\/pages\/1610"}],"wp:attachment":[{"href":"http:\/\/www.wuelmersencon.de\/index.php?rest_route=%2Fwp%2Fv2%2Fmedia&parent=1626"}],"curies":[{"name":"wp","href":"https:\/\/api.w.org\/{rel}","templated":true}]}}