{"id":1682,"date":"2018-06-02T14:20:23","date_gmt":"2018-06-02T12:20:23","guid":{"rendered":"http:\/\/www.wuelmersencon.de\/?page_id=1682"},"modified":"2018-06-02T14:20:23","modified_gmt":"2018-06-02T12:20:23","slug":"seleade-goettin-der-weisheit-und-der-heilung","status":"publish","type":"page","link":"http:\/\/www.wuelmersencon.de\/?page_id=1682","title":{"rendered":"Seleade &#8211; G\u00f6ttin der Weisheit und der Heilung"},"content":{"rendered":"<table>\n<tbody>\n<tr>\n<td width=\"115\"><strong>Aspekte<\/strong><\/td>\n<td width=\"499\">Weisheit, Heilung, \u00c4quinoktien, D\u00e4mmerung<\/td>\n<\/tr>\n<tr>\n<td width=\"115\"><strong>Farbe<\/strong><\/td>\n<td width=\"499\">Dunkelgr\u00fcn<\/td>\n<\/tr>\n<tr>\n<td width=\"115\"><strong>Eigenschaften<\/strong><\/td>\n<td width=\"499\">Geduld, Gelehrsamkeit, G\u00fcte, Pflege<\/td>\n<\/tr>\n<\/tbody>\n<\/table>\n<h3>Herkunft<\/h3>\n<p>Als W\u00fclmersens Bev\u00f6lkerung wuchs ergaben sich auch mehr und mehr Differenzen mit den umliegenden L\u00e4ndern, Ennem, Puritanien und Zhankreich. Zahlreiche Grenzscharm\u00fctzel mit Ennem forderten ihre Opfer und als W\u00fclmersen in den puritanisch-zhanz\u00f6sischen B\u00fccherkrieg hineingezogen wurde gab es eine schwere Zeit bei der viele W\u00fclmersianer verletzt oder get\u00f6tet wurden. Zu dieser Zeit brauchte W\u00fclmersen nichts so sehr, wie heilende H\u00e4nde und weise Geister und so brachte W\u00fclma eine neue G\u00f6ttin hervor die der Weisheit und der Heilung gewidmet ist. Seleade nahm ihre Wohnstatt im Herzen von W\u00fclmersen.<\/p>\n<h3>Glaube<\/h3>\n<p>Seleade ist die Schutzpatronin der Heiler, Pflegenden und Kr\u00e4uterg\u00e4rtner sowie der Gelehrten, der Schreiber und Philosophen. Sie wird aber auch von den Schulkindern und den Buchdruckern und Buchbindern verehrt. Sie wird oft dargestellt mit Buch und Verbandrolle. Ihren Tempeln sind meist Krankenstuben und\/oder Bibliotheken angeschlossen.<\/p>\n<h3>Pers\u00f6nlichkeit<\/h3>\n<p>Seleades Charaktereigenschaften sind Weisheit und Forscherdrang gepaart mit Mitleid und Geduld. Sie liebt es, lernwillige Wesen zu f\u00f6rdern und ihnen auf dem Weg zu mehr Wissen und Einsicht zu helfen, unabh\u00e4ngig davon, welchen Erfolg sie haben k\u00f6nnen. Sie unterst\u00fctzt alle, die sich bem\u00fchen, ein Ziel zu erreichen. Au\u00dferdem zeigt sie gro\u00dfe Geduld mit allen Wesen, auch wenn sie nur kleine oder gar keine Fortschritte machen.<\/p>\n<p>F\u00fcr die Heilung eines Wesens ist ihr kein Weg zu weit und kein Erfolg zu klein, um es zu versuchen. Sie ist die Herrin der Tr\u00e4nen, die sie in einem Krug sammelt um damit\u00a0 irgendwann Kummer und Entt\u00e4uschung fort zu waschen.<\/p>\n<p>Sie neigt jedoch dazu Wesen, die keine bemerkbare Einsicht zeigen oder wenig Geduld an den Tag legen ihre Unterst\u00fctzung zu entziehen und Wissen f\u00fcr sie zu verschlie\u00dfen.<\/p>\n","protected":false},"excerpt":{"rendered":"<p>Aspekte Weisheit, Heilung, \u00c4quinoktien, D\u00e4mmerung Farbe Dunkelgr\u00fcn Eigenschaften Geduld, Gelehrsamkeit, G\u00fcte, Pflege Herkunft Als W\u00fclmersens Bev\u00f6lkerung wuchs ergaben sich auch mehr und mehr Differenzen mit den umliegenden L\u00e4ndern, Ennem, Puritanien und Zhankreich. Zahlreiche Grenzscharm\u00fctzel mit Ennem forderten ihre Opfer und &hellip; <a href=\"http:\/\/www.wuelmersencon.de\/?page_id=1682\">Weiterlesen <span class=\"meta-nav\">&rarr;<\/span><\/a><\/p>\n","protected":false},"author":2,"featured_media":0,"parent":1610,"menu_order":0,"comment_status":"closed","ping_status":"closed","template":"","meta":{"ngg_post_thumbnail":0},"_links":{"self":[{"href":"http:\/\/www.wuelmersencon.de\/index.php?rest_route=\/wp\/v2\/pages\/1682"}],"collection":[{"href":"http:\/\/www.wuelmersencon.de\/index.php?rest_route=\/wp\/v2\/pages"}],"about":[{"href":"http:\/\/www.wuelmersencon.de\/index.php?rest_route=\/wp\/v2\/types\/page"}],"author":[{"embeddable":true,"href":"http:\/\/www.wuelmersencon.de\/index.php?rest_route=\/wp\/v2\/users\/2"}],"replies":[{"embeddable":true,"href":"http:\/\/www.wuelmersencon.de\/index.php?rest_route=%2Fwp%2Fv2%2Fcomments&post=1682"}],"version-history":[{"count":2,"href":"http:\/\/www.wuelmersencon.de\/index.php?rest_route=\/wp\/v2\/pages\/1682\/revisions"}],"predecessor-version":[{"id":1684,"href":"http:\/\/www.wuelmersencon.de\/index.php?rest_route=\/wp\/v2\/pages\/1682\/revisions\/1684"}],"up":[{"embeddable":true,"href":"http:\/\/www.wuelmersencon.de\/index.php?rest_route=\/wp\/v2\/pages\/1610"}],"wp:attachment":[{"href":"http:\/\/www.wuelmersencon.de\/index.php?rest_route=%2Fwp%2Fv2%2Fmedia&parent=1682"}],"curies":[{"name":"wp","href":"https:\/\/api.w.org\/{rel}","templated":true}]}}